{"id":21,"date":"2020-11-16T01:52:30","date_gmt":"2020-11-16T00:52:30","guid":{"rendered":"http:\/\/asenwuko.com.pl\/?page_id=21"},"modified":"2021-01-19T19:44:57","modified_gmt":"2021-01-19T18:44:57","slug":"kontakt","status":"publish","type":"page","link":"https:\/\/asenwuko.com.pl\/index.php\/kontakt\/","title":{"rendered":"Kontakt"},"content":{"rendered":"\n<p>Pracujemy od poniedzia\u0142ku do pi\u0105tku, w godzinach 8:00-17:00.<br>Kontakt telefoniczny: 502422758<br>B\u0105d\u017a e-mailowo: <a href=\"mailto:asenwuko@o2.pl\">asenwuko@o2.pl<\/a><br><\/p>\n","protected":false},"excerpt":{"rendered":"<p>Pracujemy od poniedzia\u0142ku do pi\u0105tku, w godzinach 8:00-17:00.Kontakt telefoniczny: 502422758B\u0105d\u017a e-mailowo: asenwuko@o2.pl<\/p>\n","protected":false},"author":1,"featured_media":0,"parent":0,"menu_order":0,"comment_status":"closed","ping_status":"closed","template":"page-templates\/contact.php","meta":[],"yoast_head":"<!-- This site is optimized with the Yoast SEO plugin v15.4 - https:\/\/yoast.com\/wordpress\/plugins\/seo\/ -->\n<title>Kontakt - Asen-Wuko<\/title>\n<meta name=\"description\" content=\"Asen-Wuko wyw\u00f3z nieczysto\u015bci - zapraszamy do kontaktu, asenwuko@o2.pl, 502422758.\" \/>\n<meta name=\"robots\" content=\"index, follow, max-snippet:-1, max-image-preview:large, max-video-preview:-1\" \/>\n<link rel=\"canonical\" href=\"https:\/\/asenwuko.com.pl\/index.php\/kontakt\/\" \/>\n<meta property=\"og:locale\" content=\"pl_PL\" \/>\n<meta property=\"og:type\" content=\"article\" \/>\n<meta property=\"og:title\" content=\"Kontakt - Asen-Wuko\" \/>\n<meta property=\"og:description\" content=\"Asen-Wuko wyw\u00f3z nieczysto\u015bci - zapraszamy do kontaktu, asenwuko@o2.pl, 502422758.\" \/>\n<meta property=\"og:url\" content=\"https:\/\/asenwuko.com.pl\/index.php\/kontakt\/\" \/>\n<meta property=\"og:site_name\" content=\"Asen-Wuko\" \/>\n<meta property=\"article:modified_time\" content=\"2021-01-19T18:44:57+00:00\" \/>\n<meta name=\"twitter:card\" content=\"summary_large_image\" \/>\n<meta name=\"twitter:label1\" content=\"Written by\">\n\t<meta name=\"twitter:data1\" content=\"admin\">\n\t<meta name=\"twitter:label2\" content=\"Est. reading time\">\n\t<meta name=\"twitter:data2\" content=\"0 minut\">\n<script type=\"application\/ld+json\" class=\"yoast-schema-graph\">{\"@context\":\"https:\/\/schema.org\",\"@graph\":[{\"@type\":\"WebSite\",\"@id\":\"https:\/\/asenwuko.com.pl\/#website\",\"url\":\"https:\/\/asenwuko.com.pl\/\",\"name\":\"Asen-Wuko\",\"description\":\"Twoja firma asenizacyjna!\",\"potentialAction\":[{\"@type\":\"SearchAction\",\"target\":\"https:\/\/asenwuko.com.pl\/?s={search_term_string}\",\"query-input\":\"required name=search_term_string\"}],\"inLanguage\":\"pl-PL\"},{\"@type\":\"WebPage\",\"@id\":\"https:\/\/asenwuko.com.pl\/index.php\/kontakt\/#webpage\",\"url\":\"https:\/\/asenwuko.com.pl\/index.php\/kontakt\/\",\"name\":\"Kontakt - Asen-Wuko\",\"isPartOf\":{\"@id\":\"https:\/\/asenwuko.com.pl\/#website\"},\"datePublished\":\"2020-11-16T00:52:30+00:00\",\"dateModified\":\"2021-01-19T18:44:57+00:00\",\"description\":\"Asen-Wuko wyw\\u00f3z nieczysto\\u015bci - zapraszamy do kontaktu, asenwuko@o2.pl, 502422758.\",\"inLanguage\":\"pl-PL\",\"potentialAction\":[{\"@type\":\"ReadAction\",\"target\":[\"https:\/\/asenwuko.com.pl\/index.php\/kontakt\/\"]}]}]}<\/script>\n<!-- \/ Yoast SEO plugin. -->","_links":{"self":[{"href":"https:\/\/asenwuko.com.pl\/index.php\/wp-json\/wp\/v2\/pages\/21"}],"collection":[{"href":"https:\/\/asenwuko.com.pl\/index.php\/wp-json\/wp\/v2\/pages"}],"about":[{"href":"https:\/\/asenwuko.com.pl\/index.php\/wp-json\/wp\/v2\/types\/page"}],"author":[{"embeddable":true,"href":"https:\/\/asenwuko.com.pl\/index.php\/wp-json\/wp\/v2\/users\/1"}],"replies":[{"embeddable":true,"href":"https:\/\/asenwuko.com.pl\/index.php\/wp-json\/wp\/v2\/comments?post=21"}],"version-history":[{"count":2,"href":"https:\/\/asenwuko.com.pl\/index.php\/wp-json\/wp\/v2\/pages\/21\/revisions"}],"predecessor-version":[{"id":59,"href":"https:\/\/asenwuko.com.pl\/index.php\/wp-json\/wp\/v2\/pages\/21\/revisions\/59"}],"wp:attachment":[{"href":"https:\/\/asenwuko.com.pl\/index.php\/wp-json\/wp\/v2\/media?parent=21"}],"curies":[{"name":"wp","href":"https:\/\/api.w.org\/{rel}","templated":true}]}}